 - 3. Suppose d - 24 = 4*q, r*d + 6 - 54 = 4*q. Let k = d - 3. List the prime factors of k.
3
Suppose -14*z + 1230 = -11*z. List the prime factors of z.
2, 5, 41
Suppose -2*i = -6*i + 4*m - 96, 5*i + 2*m + 134 = 0. Let z = -1003 - -1032. Let t = i + z. What are the prime factors of t?
3
Let h be 2 - (0 - (3 + -1)). Suppose h*l - 9*l = 0. Suppose -10*v + 6*v + 40 = l. What are the prime factors of v?
2, 5
Suppose 0 = 80*j - 56*j - 23856. What are the prime factors of j?
2, 7, 71
Let c(x) = 2*x + 8. Let m be c(13). Suppose -z + 2*n = m, -2*n + 44 = -5*z - 158. Let l = 65 + z. What are the prime factors of l?
23
Let r = -286 - -417. List the prime factors of r.
131
What are the prime factors of (-97382)/(-598) + ((-30)/(-26) - 1)?
163
Suppose -3*h - 157 = -622. What are the prime factors of h?
5, 31
Let n(p) = p**3 + 29*p**2 + 23*p + 18. List the prime factors of n(-28).
2, 79
Let w(y) = y**2 - 2*y - 10. Let g be w(-3). Suppose -h - 6 = -3*l, 0 = -g*h - 2*l - 9 + 30. Suppose -h - 6 = -k. What are the prime factors of k?
3
Let d = 3355 - 2288. List the prime factors of d.
11, 97
Suppose -3*f - 3*o = -9, -7 = 2*o - 1. List the prime factors of (-2379)/(-9) - 1 - f/18.
263
Let p = 3 - 3. Suppose -3*a + q - 4 + 42 = p, -4*q - 20 = 0. Let v(i) = -i**2 + 11*i + 14. What are the prime factors of v(a)?
2, 7
Suppose -311 = -z - 5*o, 4*z = 16*o - 14*o + 1310. What are the prime factors of z?
2, 163
Let u(n) = n**3 + 4*n**2 - 9*n + 6. Let p be u(-7). What are the prime factors of (-8)/6 + p/(-18)?
3
What are the prime factors of (-3725)/(1 - (-11)/(-6))?
2, 3, 5, 149
Let m be (-1*1)/(13/169). Let c be (-2)/m - 438/(-26). Suppose -c = 3*x - 140. What are the prime factors of x?
41
Let q be 650 + (-3)/(-2)*24/(-18). Suppose 113*z - 110*z - q = 0. What are the prime factors of z?
2, 3
Let a(x) = 6*x**2 + 4 + x**3 - 1 - 8*x - x**2. What are the prime factors of a(-6)?
3, 5
Suppose 0 = 5*p - 5 - 15, -5*p = 2*s - 2272. What are the prime factors of s?
2, 563
Suppose 0 = 9*t - 7362 - 11511. List the prime factors of t.
3, 233
Let t = -1925 - -2826. List the prime factors of t.
17, 53
Let h = 4934 - 1843. Let x be (-3)/(-2) + h/22. Suppose x = 4*o + 38. What are the prime factors of o?
2, 13
Suppose 2*d - 4*d = -5*w - 31, 0 = 2*d - 4*w - 28. Suppose -1353 = d*p - 19*p. What are the prime factors of p?
3, 41
Let n(s) = s - 1. Let y(d) = 6 - 5 - 1 + d. Let j(h) = n(h) + y(h). What are the prime factors of j(2)?
3
Suppose 2*h - 15 = 5*h, -3*n - 2*h + 2774 = 0. List the prime factors of n.
2, 29
Suppose 4*d - 3*c = -221, -1 = 4*c + 3. What are the prime factors of ((-78)/(-7))/((-8)/d)?
2, 3, 13
Let j(w) = 6*w**2 - 5*w - 11. Let c(q) = 4*q**3 + 2*q**2 - 2*q + 1. Let y be c(1). What are the prime factors of j(y)?
2, 3, 19
Let f = -448 + 260. Let b = -65 - f. What are the prime factors of b?
3, 41
Suppose -v + 2*b = 5, 3*b - 2*b = 5*v - 20. Suppose 0 = -6*d + 31 + v. Suppose 0 = -d*y + 204 + 42. What are the prime factors of y?
41
Let l be 4/10 + (-54)/10. Let m(v) = -3*v**2 - 6*v + 7. Let i be m(1). What are the prime factors of 279/15 + i/l?
19
Let b(d) = -d**3 + d + 208. Let k be b(0). Let u = -254 - k. What are the prime factors of u/(-12) + 6/(-4)?
37
Suppose 6 = -0*w + 2*w. Suppose -168 = -w*f - 24. List the prime factors of (6/4)/3*f.
2, 3
Suppose -255*o + 8312 = -247*o. List the prime factors of o.
1039
Let q be -3 + (3 - (-3 + 4)). What are the prime factors of (3 - 2)*(1/q + 62)?
61
Let p(v) = 22*v**2 + 1. Let k(m) = -m**3 + 10*m**2 - 7*m - 2. Let u be k(10). Let s be 2/9 + 88/u. List the prime factors of p(s).
23
Suppose 0 = 4*k - 2*q - 37 + 7, 3*q = 4*k - 31. Let b = k + 187. What are the prime factors of b?
2, 97
Let i(f) = f**3 - 12*f**2 - 8*f - 2. Let v be i(13). Suppose -2*l + 53 + v = 0. List the prime factors of l.
2, 29
Suppose -3*u + 3*c - 41 = -302, 2*u = c + 178. Suppose d - 2*g + g = u, -4*g = d - 76. List the prime factors of d.
2, 11
Suppose -5*r - 5*g + 599 = -r, 2*r + 5*g - 297 = 0. What are the prime factors of r?
151
Let b(v) = 2*v**2 - 8*v + 6. Let t be b(5). Let y(c) be the third derivative of -c**4/24 + 19*c**3/6 + 6*c**2. List the prime factors of y(t).
3
Let m = 2 - -2. What are the prime factors of -2*(-747)/14 + m/14?
107
What are the prime factors of (3 + (-18)/8)/((-11)/(-2948))?
3, 67
Suppose d + d = 3*h - 3, 0 = 2*d + 2*h - 22. Let g(o) = -o**2 + 10*o + 9. List the prime factors of g(d).
3, 11
Let t = -1292 - -2068. List the prime factors of t.
2, 97
Let q = -5 - 8. Let t = q + 16. Suppose 0*u - 57 = -t*u. List the prime factors of u.
19
Suppose 5*y - i = 14033, 2*y + 8425 = 5*y + 2*i. What are the prime factors of y?
7, 401
Let p = 100 + 209. What are the prime factors of p?
3, 103
Suppose 6*h + 20 = -4. Let l(a) be the first derivative of -a**2 + 7*a - 1. What are the prime factors of l(h)?
3, 5
Suppose -2*z + 4*i + 2361 + 179 = 0, 4*i - 3860 = -3*z. What are the prime factors of z?
2, 5
Suppose -4*m = -m - 36. Suppose 4*w - m = -0. Let b(z) = 6*z**2 + 2*z + 5. What are the prime factors of b(w)?
5, 13
Let d(c) = 3*c**3 - c**2 - 6*c + 3. Let f be (3 + -11 - -5)*(1 - 2). List the prime factors of d(f).
3, 19
Let c(a) = -a**3 + a + 39. Suppose -3*k = k. What are the prime factors of c(k)?
3, 13
Suppose -391 = -3*m + 5*m + r, -m - r - 198 = 0. What are the prime factors of (-36)/(-12) - m*1?
2, 7
Let g(c) = c + 11. Let t(s) = s**2 - 11*s - 4. Let h be t(12). Let p = -17 + h. List the prime factors of g(p).
2
Let v = 231 + -127. What are the prime factors of v?
2, 13
Suppose -o + 7*m = 5*m - 382, 4*o = 5*m + 1525. What are the prime factors of o?
2, 5, 19
Let a(v) = 17*v**2 - 3*v. Let x(b) = 6*b**2 - b. Let g(f) = 3*a(f) - 8*x(f). Let h = 16 + -19. List the prime factors of g(h).
2, 3, 5
Let s(q) = 7*q**3 + 3*q**2 + q + 7. Let j be s(3). Let k = j - 111. List the prime factors of k.
5, 23
Let n = -2071 - -3766. What are the prime factors of n?
3, 5, 113
Let k be 4/20 - (-12)/15. Let b be 112 + (k + -1)/2. Let o = -72 + b. List the prime factors of o.
2, 5
List the prime factors of 535020/1221 + (-4)/22.
2, 3, 73
Let b = 0 - 3. Let n be -4 - (b + (-9)/3). What are the prime factors of n - (10 - 4) - -22?
2, 3
Let i = 50 + -46. Suppose 9 - 1 = -i*v, -y + v + 57 = 0. List the prime factors of y.
5, 11
Let w(t) = -t**3 - 12*t**2 + 12*t + 1. Let i be w(-13). What are the prime factors of -268*((-2)/i + 20/(-56))?
2, 67
Suppose -j + 38 = -5*v + 589, v - 108 = -2*j. Let z = -57 + v. Let o = z - 33. List the prime factors of o.
2, 5
Let z be 3 - 3/(9/(-291)). Suppose 3*p - 17 = z. List the prime factors of p.
3, 13
Let d = 4 - 12. Let g = d - -11. Suppose -g*v + 7 = -4*c - 13, 2*v + 3*c = 36. List the prime factors of v.
2, 3
Suppose 5*d + 1005 = 2*j, d = -4*j + 2*d + 1983. What are the prime factors of j?
3, 5, 11
Let a(f) = -148*f - 37. Let l be a(11). What are the prime factors of ((-1)/(-3))/(4 + 6655/l)?
3, 37
Suppose -5*u - 4*a = -18114, 7236 = 20*u - 18*u + 4*a. What are the prime factors of u?
2, 7, 37
Let u = -1107 - -1570. List the prime factors of u.
463
Let d = 164 + -66. Suppose 0 = -p - 14 + d. List the prime factors of p.
2, 3, 7
Let o be (-6)/(-30) + 19/5. List the prime factors of o/(-14) + (-1190)/(-49).
2, 3
Let y = 182 - 106. Suppose 107 + y = 3*d. List the prime factors of d.
61
Suppose 0 = -4*k + 21*k - 37876. List the prime factors of k.
2, 557
Let q = -235 + 134. Let w = q + 172. List the prime factors of w.
71
Let a be -4 + 1 - (3 - (-5 + 99)). Suppose a = 60*q - 56*q. What are the prime factors of q?
2, 11
List the prime factors of ((-28)/6 + 4)/(2/(-2355)).
5, 157
Let y = -10 - -18. Suppose 0 = -5*s + y*s - 81. List the prime factors of s.
3
Suppose -m + 3*m = -b + 2773, 3*b - 5549 = -4*m. List the prime factors of m.
5, 277
Let h(m) = -m**3 + 4*m**2 - 8*m + 10. Let c be h(2). Suppose 462 = c*w + 160. List the prime factors of w.
151
Suppose 5*r = -k + 188, -4*k - 188 = -5*k - 3*r. What are the prime factors of k?
2, 47
Suppose 354 = 66*c - 64*c. List the prime factors of c.
3, 59
Let g = 631 - 158. List the prime factors of g.
11, 43
Let i(p) = 43*p - 69. List the prime factors of i(15).
2, 3
Let f = 1872 + -172. Suppose -204 = 17*g - f. List the prime factors of g.
2, 11
Let r(w) = -34*w + 5. List the prime 